05. Is g prime?
False
Let r(u) = -8*u**3 - 4*u**2 - 5*u - 4. Suppose -h = -1 + 4. Is r(h) a composite number?
False
Suppose 6*r - 3*r + 1648 = a, 0 = -5*a - 2*r + 8291. Is a prime?
True
Let s be -4*(-1*2 + 1). Let g be (-16)/10*(-10)/s. Is 318/9*6/g a prime number?
True
Let q be ((-4)/(-3))/((-4)/(-6)). Suppose -t - 2*t + 90 = 0. Suppose -q*s + t = -0*s. Is s a prime number?
False
Suppose -2*k - 118 = 5*m - 49, 0 = 2*k - 3*m + 93. Is (44/6)/((-4)/k) a prime number?
False
Let d(m) = 37*m - 7. Let t(f) = -18*f + 3. Let p(l) = 2*d(l) + 5*t(l). Is p(-9) prime?
False
Suppose 3*x = 2*x - 1. Let q be 25 - (1 - (0 - x)). Suppose 2*v - q - 13 = 0. Is v a prime number?
True
Suppose -2*c - 2*c + 2372 = 0. Is c a prime number?
True
Let s be 4*2/(3 - 1). Let j(o) = 5*o - 4. Let r be j(s). Suppose -3*u - r = -61. Is u prime?
False
Is 3377 + 6/2 + 5 a prime number?
False
Let i = -8 - -11. Suppose 4*r + 21 = i*w - 25, 0 = -3*r - 3. Let f = w - 8. Is f composite?
True
Suppose -f = -3*y + 95, 0 = 4*y - f - 2*f - 135. Let o be 2/((-4)/y) - 0. Let t = 29 + o. Is t a prime number?
False
Let p(v) = -3*v**2 - 9*v - 16. Let t(w) = w**2 + 5*w + 8. Let s(h) = 2*p(h) + 5*t(h). Let f be s(12). Let d = 89 + f. Is d composite?
False
Suppose -m - 2*s = -1, 0*m - 3*s + 7 = -4*m. Let x be m/((-4)/58)*6. Let b = 138 - x. Is b a composite number?
True
Let j be 3/3*9/3. Is 65 + j + (-2 - -1) prime?
True
Let b(u) = 19*u**2 - 22*u - 31. Is b(-9) prime?
False
Suppose -3*j = -2*i - 364, 5*j + i + i = 580. Is j prime?
False
Let n be 1 - (-3 - (107 - 3)). Let k = n - -103. Is k composite?
False
Let k(r) = -2*r + 1. Let w be k(-1). Is ((-48)/(-9) - w)*3 composite?
False
Let j = 26 + -14. Suppose -2*r + 58 - j = 0. Is r a prime number?
True
Let j be (-2)/3 - 29/(-3). Let l be 0 - 0 - (8 + -5). Is (-1)/l - (-114)/j prime?
True
Let y = -1521 + 4288. Is y prime?
True
Let c(s) = -s**3 + 5*s**2 - s - 1. Is c(-12) prime?
True
Let u be ((-3)/(-6))/((-5)/(-3520)). Suppose -2*c - 2*o = -u, 2*c - 373 = 3*o + 2*o. Is c composite?
False
Let f(z) = -50*z**3 + 4*z**2 + z - 3. Let a be f(-2). Let d = -6 + 10. Suppose d*s = 16, 3*o + 0*s - 3*s - a = 0. Is o a composite number?
True
Let f(y) = -4*y**2 - 4*y + 2*y**3 + 1 + 0*y**2 - 3*y**3. Let i be f(-3). Is 182*(2 + (-6)/i) composite?
True
Is (1 - 1/2)*222 a composite number?
True
Suppose 0 = -2*v + 3 + 1. Suppose -v*k + 99 = 33. Is k a prime number?
False
Suppose -2*g + 14269 = 5*z - 2*z, -g - 5*z = -7138. Is g composite?
True
Suppose -a + 172 + 221 = -3*g, -2*a = 5*g - 742. Is a a composite number?
True
Let l(u) = -2*u**2 - u + 2. Let p be l(-2). Suppose -4*h = -8, -4*n - h = 3*h - 20. Is n + (13 - (1 + p)) a prime number?
True
Suppose 0 = -5*n + p - 18, 0 = 4*n + 4*p - 6*p + 12. Is n/(-6) - 1575/(-27) composite?
False
Let v be (-3 - (0 - -2)) + -3. Let t(q) = q**3 + 10*q**2 + 9*q - 3. Is t(v) a prime number?
True
Is 2/2 + 1912 + -10 composite?
True
Let h(c) = -40*c - 29. Is h(-9) a prime number?
True
Let n(f) = -f**2 + 34*f + 7. Is n(22) composite?
False
Let l = 7 + -4. Suppose l*d = 6*d - 117. Is d prime?
False
Let x = -5 + 5. Suppose -4*g + 288 = -x*g. Let d = g + -35. Is d a composite number?
False
Suppose -490 + 1554 = 2*t. Let j = -353 + t. Is j composite?
False
Suppose 5*v = -v + 258. Let p = v + 6. Is p prime?
False
Suppose -g = -1040 - 6587. Is g a prime number?
False
Let b be -4 - (-3)/6*0. Let y(n) = -26*n - 7. Is y(b) composite?
False
Let q(t) = 44*t - 1. Let a be (1 - (-3)/3) + -1. Is q(a) a composite number?
False
Let m = 23 - -66. Let z = -64 + m. Is z a composite number?
True
Suppose q + 5 - 10 = 0. Let y = q + 14. Is y prime?
True
Let z = -11139 + 5319. Let c be 2/3 - z/18. Suppose 5*d + 34 - c = 0. Is d a composite number?
True
Let x(c) = -17*c + 13. Is x(-14) composite?
False
Let a = -362 + 573. Is a a composite number?
False
Let j = 15 - -48. Suppose -5*r + 5*v = -2*r + 13, -2*v + 1 = 3*r. Is r + -2 + (j - 2) a composite number?
True
Let r(n) = 4*n**3 + n**2 - 2*n + 1. Let w be r(2). Suppose -12 = 3*u - 2*u. Let j = w + u. Is j a prime number?
False
Let u(r) = -11*r**2 - r - 8. Let q(g) = -6*g**2 - 4. Let c be 1/4 - 52/16. Let b(j) = c*u(j) + 5*q(j). Is b(-3) composite?
True
Let x(t) be the first derivative of -9*t**4/2 + 2*t**3/3 - t**2/2 - 2*t + 3. Is x(-1) a prime number?
True
Is (2/(-4))/(6/(-46380)) prime?
False
Let o(c) = -84*c**3 - c**2 + 2*c + 3. Is o(-2) a prime number?
False
Let a = -2127 - -2998. Is a a composite number?
True
Let s(y) be the second derivative of 1/2*y**2 + 0 - 3/2*y**3 + y. Is s(-4) a composite number?
False
Let i(h) be the first derivative of -h**4/4 + 7*h**3/3 + 9*h**2/2 - 4*h - 1. Let k be i(8). Suppose -p = -3*t - 51, 0*t + t = k*p - 204. Is p composite?
True
Let l(s) = -1134*s + 15. Is l(-2) a composite number?
True
Let b(q) = q + 7*q + 7*q + 1. Let m = 4 + -2. Is b(m) a composite number?
False
Suppose z - 10 = 327. Is z composite?
False
Is -1 + 11 + 13 + -12 a composite number?
False
Let d(s) = -s**3 + 6*s**2 + 3. Let v(u) = u**2 + 9*u + 6. Let z be v(-9). Let q be d(z). Suppose 0 = -3*k - 4*j + 303, -2*k - 4*j - 85 = -q*k. Is k composite?
False
Suppose 4*w = w. Suppose -21 = -m - 2*t, t = -w*m + m - 18. Is m composite?
False
Let g be -2*(-1)/(-2) - 5. Let h = g - -13. Is h a composite number?
False
Suppose 2*d - 2 = -20. Is (-1418)/(-18) - 2/d a prime number?
True
Let u be (17/(-4))/((-1)/(-4)). Let w = 201 + u. Let y = w + -127. Is y prime?
False
Suppose -8 = -3*a - i, 3*i + 5 = -3*a + 17. Suppose a*s + 63 = -67. Let y = -31 - s. Is y a prime number?
False
Let r(o) = 0*o**2 - o**2 + 2*o**3 - 3*o**3 - 3*o - 3. Is r(-4) prime?
False
Suppose m - 5 = 4*n, -5*m - 2*n + 1 = 2*n. Let o(h) = -4*h**3 - h**2 + 2*h - 1. Let d be o(m). Let p = 6 - d. Is p a composite number?
True
Let v(q) be the first derivative of q**3/3 + 3*q + 1. Let d be v(0). Let c = 1 + d. Is c composite?
True
Let w(f) = 139*f. Is w(1) a composite number?
False
Let y be 11 + (1 + -2)/1. Let t = y + -7. Suppose -t*i + 5*n = n - 125, 0 = -2*i + 5*n + 95. Is i a prime number?
False
Let b(h) = h - 18. Let n(l) = l - 17. Let a(y) = -4*b(y) + 5*n(y). Let i be a(10). Let r = i - -52. Is r composite?
True
Let y(s) = 132*s**3 + 2*s**2 + 4*s - 5. Is y(2) composite?
True
Suppose -4*h + 2973 = -l, -2*h + 7*l + 1489 = 4*l. Is h a composite number?
False
Suppose 2*r = 3*j - 159, 2*r + 2*r = -4*j + 212. Suppose -h = 2*n - 11, 3*n = -3*h + 2*n + j. Is h prime?
True
Let m(p) = -14*p + 13. Is m(-6) prime?
True
Suppose 5*d + 552 - 13125 = -3*q, 2*d + 2*q = 5026. Is d a composite number?
True
Let t(g) = g - 16. Let k be t(0). Let b = -4 - k. Suppose 178 = 5*n - b. Is n composite?
True
Let d = 211 + -77. Suppose 0 = -s - d + 343. Is s a prime number?
False
Let d(n) be the third derivative of n**6/120 + n**5/20 - n**4/24 + n**2. Suppose -2*o = 3*o - 15. Is d(o) a composite number?
True
Suppose -c + 5 = -m + 1, -16 = 5*c + 4*m. Suppose c = 3*x - 6*x + 57. Is x a composite number?
False
Let o(n) = 4*n - 9. Let l be o(6). Let w = 30 - l. Is w composite?
True
Suppose -21*i + 356 = -17*i. Is i a composite number?
False
Let s(w) = -w**3. Let h be s(-1). Is 217/7 + (1 - h) prime?
True
Let d = -5607 - -14108. Is d prime?
True
Suppose 0 = -5*t - 4*r - 152, 22 = 3*t - 4*t - 5*r. Suppose -n = -1 - 2, 5*x = -n + 258. Let k = x + t. Is k composite?
False
Suppose -z + 0*z - 4 = 0, s = -4*z - 13. Is s composite?
False
Let u(p) = p - 2. Let i be u(4). Is 2/(-1*i/(-19)) a prime number?
True
Suppose 3*j + 1 = 2*q, 5*q + j - 11 + 0 = 0. Suppose 2*h = 6*w - q*w + 46, -5*h + 55 = 2*w. Suppose -8 = -x + h. Is x a prime number?
False
Suppose 4*l - 3*v - 16 = 2, -v - 2 = 0. Suppose 2 = -s + l*c, -4*s + 0*c + 60 = 5*c. Is s a prime number?
False
Suppose -11*n + 7*n = -4268. Is n composite?
True
Suppose 1136 = 6*p + 278. Is p a composite number?
True
Suppose -7 - 18 = -5*d. Suppose 0 = d*f - 16 - 9. Suppose -f*q - x + 50 = 0, 3*q = -4*x - 9 + 39. Is q a prime number?
False
Let d(r) = 245*r - 79. Is d(10) prime?
True
Let u(o) = -4*o**3 - 2*o**2 + 3. Let v(k) = k**3 + 2*k**2 - 3*k - 3. Let d be v(-3). Let n be u(d). Suppose n = t - 94. Is t a prime number?
False
Let s(l) = l**3 + 5*l**2 - 5*l. Let b be s(-4). Suppose -2*u = 2*a + 10 - 52, -u = -2*a + b. Is a prime?
True
Let u(x) 